{"id":84,"date":"2022-05-04T06:24:54","date_gmt":"2022-05-04T04:24:54","guid":{"rendered":"http:\/\/195.196.91.155\/?page_id=84"},"modified":"2023-03-14T10:01:21","modified_gmt":"2023-03-14T09:01:21","slug":"sms-utskick-vid-driftstorningar","status":"publish","type":"page","link":"https:\/\/jokkmokksvarmeverk.se\/index.php\/sms-utskick-vid-driftstorningar\/","title":{"rendered":"SMS-utskick vid driftst\u00f6rningar"},"content":{"rendered":"\n<p class=\"wp-block-paragraph\">Jokkmokks V\u00e4rmeverk AB erbjuder en gratis SMS-tj\u00e4nst som anv\u00e4nds vid driftst\u00f6rningar. Det kan exempelvis r\u00f6ra sig om akuta fel eller planerade arbeten p\u00e5 fj\u00e4rrv\u00e4rmen\u00e4tet. Genom att registrera ditt mobilnummer s\u00e5 blir du automatiskt notifierad om n\u00e5got sker som p\u00e5verkar v\u00e5r leverans av fj\u00e4rrv\u00e4rme till din fastighet.<\/p>\n\n\n\n<p class=\"wp-block-paragraph\">N\u00e4r du \u00e4r skriven p\u00e5 en adress d\u00e4r fastigheten \u00e4r ansluten till fj\u00e4rrv\u00e4rmen\u00e4tet, samt har en mobiltelefon som \u00e4r registrerad p\u00e5 samma adress, s\u00e5 f\u00e5r du automatiskt v\u00e5ra SMS utskick och beh\u00f6ver inte g\u00f6ra n\u00e5got. Ditt nummer h\u00e4mtas automatiskt fr\u00e5n din teleoperat\u00f6rs databas.<\/p>\n\n\n\n<p class=\"wp-block-paragraph\">I det fall som du har ett fritidsboende eller en annan typ av fastighet kan du registrera ytterligare telefonnummer och mejladresser dit utskick ska g\u00e5. Detta g\u00e4ller \u00e4ven om du har skyddat telefonnummer eller ett oregistrerat kontantkort. <\/p>\n\n\n\n<p class=\"wp-block-paragraph\">Notera att det inte \u00e4r m\u00f6jligt att registrera utl\u00e4ndska telefonnummer.<\/p>\n\n\n\n<p class=\"wp-block-paragraph\">SMS kan skickas ut oavsett tid p\u00e5 dygnet. Om du inte vill ha SMS eller E-post meddelanden s\u00e5 kan du anv\u00e4nda samma funktion f\u00f6r att avregistrera dig fr\u00e5n utskick. <\/p>\n\n\n\n<p class=\"wp-block-paragraph\" style=\"font-size:clamp(14px, 0.875rem + ((1vw - 3.2px) * 0.265), 17px);\"><strong>SMS-utskicken kommer inte att anv\u00e4ndas f\u00f6r n\u00e5gon form av f\u00f6rs\u00e4ljning eller marknadsf\u00f6ring.<\/strong><\/p>\n\n\n\n<div class=\"wp-block-buttons is-layout-flex wp-block-buttons-is-layout-flex\">\n<div class=\"wp-block-button has-custom-font-size aligncenter has-medium-font-size\"><a class=\"wp-block-button__link wp-element-button\" href=\"https:\/\/app.sms-service.dk\/?sender=044a2fd7-bd62-42ae-9d0a-6ec6dea8a62d\" style=\"border-radius:0px\" target=\"_blank\" rel=\"noreferrer noopener\">Registrera dig f\u00f6r SMS utskick<\/a><\/div>\n<\/div>\n\n\n\n<div class=\"wp-block-columns is-layout-flex wp-container-core-columns-is-layout-0e47273b wp-block-columns-is-layout-flex\">\n<div class=\"wp-block-column is-layout-flow wp-block-column-is-layout-flow\">\n<div style=\"height:216px\" aria-hidden=\"true\" class=\"wp-block-spacer\"><\/div>\n<\/div>\n<\/div>\n\n\n\n<div class=\"wp-block-buttons is-layout-flex wp-block-buttons-is-layout-flex\">\n<div class=\"wp-block-button aligncenter is-style-outline is-style-outline--1\"><a class=\"wp-block-button__link has-vivid-cyan-blue-background-color has-background wp-element-button\" href=\"\/index.php\/driftinformation\/\" style=\"border-radius:10px\">Tillbaka<\/a><\/div>\n<\/div>\n\n\n\n<div style=\"height:487px\" aria-hidden=\"true\" class=\"wp-block-spacer\"><\/div>\n","protected":false},"excerpt":{"rendered":"<p>Jokkmokks V\u00e4rmeverk AB erbjuder en gratis SMS-tj\u00e4nst som anv\u00e4nds vid driftst\u00f6rningar. Det kan exempelvis r\u00f6ra sig om akuta fel eller planerade arbeten p\u00e5 fj\u00e4rrv\u00e4rmen\u00e4tet. Genom att registrera ditt mobilnummer s\u00e5 blir du automatiskt notifierad om n\u00e5got sker som p\u00e5verkar v\u00e5r leverans av fj\u00e4rrv\u00e4rme till din fastighet. N\u00e4r du \u00e4r skriven p\u00e5 en adress d\u00e4r fastigheten &hellip; <\/p>\n<p class=\"link-more\"><a href=\"https:\/\/jokkmokksvarmeverk.se\/index.php\/sms-utskick-vid-driftstorningar\/\" class=\"more-link\">L\u00e4s mer<span class=\"screen-reader-text\"> \u201dSMS-utskick vid driftst\u00f6rningar\u201d<\/span><\/a><\/p>\n","protected":false},"author":1,"featured_media":0,"parent":0,"menu_order":0,"comment_status":"closed","ping_status":"closed","template":"","meta":{"_crdt_document":"","inspiro_hide_title":false,"footnotes":""},"class_list":["post-84","page","type-page","status-publish","hentry"],"_links":{"self":[{"href":"https:\/\/jokkmokksvarmeverk.se\/index.php\/wp-json\/wp\/v2\/pages\/84","targetHints":{"allow":["GET"]}}],"collection":[{"href":"https:\/\/jokkmokksvarmeverk.se\/index.php\/wp-json\/wp\/v2\/pages"}],"about":[{"href":"https:\/\/jokkmokksvarmeverk.se\/index.php\/wp-json\/wp\/v2\/types\/page"}],"author":[{"embeddable":true,"href":"https:\/\/jokkmokksvarmeverk.se\/index.php\/wp-json\/wp\/v2\/users\/1"}],"replies":[{"embeddable":true,"href":"https:\/\/jokkmokksvarmeverk.se\/index.php\/wp-json\/wp\/v2\/comments?post=84"}],"version-history":[{"count":30,"href":"https:\/\/jokkmokksvarmeverk.se\/index.php\/wp-json\/wp\/v2\/pages\/84\/revisions"}],"predecessor-version":[{"id":506,"href":"https:\/\/jokkmokksvarmeverk.se\/index.php\/wp-json\/wp\/v2\/pages\/84\/revisions\/506"}],"wp:attachment":[{"href":"https:\/\/jokkmokksvarmeverk.se\/index.php\/wp-json\/wp\/v2\/media?parent=84"}],"curies":[{"name":"wp","href":"https:\/\/api.w.org\/{rel}","templated":true}]}}